{"id":3317,"date":"2020-04-27T14:50:24","date_gmt":"2020-04-27T12:50:24","guid":{"rendered":"https:\/\/lacasadelflamencosevilla.com\/artista\/miguel-lavi\/"},"modified":"2022-07-26T20:15:11","modified_gmt":"2022-07-26T18:15:11","slug":"miguel-lavi","status":"publish","type":"artista","link":"https:\/\/lacasadelflamencosevilla.com\/fr\/artista\/miguel-lavi\/","title":{"rendered":"Miguel Lavi"},"content":{"rendered":"<p>Il est n\u00e9 \u00e0 Jerez de la Frontera, dans la mythique Plazuela, berceau d&rsquo;artistes prestigieux tels que La Paquera, Los Agujetas et Los Moneos, entre autres.<\/p>\n<p>Il a fait ses d\u00e9buts \u00e0 l&rsquo;\u00e2ge de douze ans dans La Pe\u00f1a Agujetas el Viejo \u00e0 Rota, Cadix. En 1998, il s&rsquo;est rendu au Japon avec les c\u00e9l\u00e8bres danseurs Andr\u00e9s Pe\u00f1a et Mercedes Ru\u00edz. Plus tard, il est retourn\u00e9 au Japon pour collaborer \u00e0 plusieurs spectacles du ma\u00eetre Kojima.<\/p>\n<p>En 1999, il se rend \u00e0 Barcelone, o\u00f9 il travaille au Tablao \u00ab\u00a0El Cordob\u00e9s\u00a0\u00bb pendant cinq ans, en alternance avec des artistes de la stature d&rsquo;Antonio Canales, Duquende ou Bel\u00e9n Maya. Cette ann\u00e9e-l\u00e0, il participe \u00e9galement aux \u0153uvres \u00ab\u00a0Somorrostro\u00a0\u00bb et \u00ab\u00a0Los Tarantos\u00a0\u00bb sous la direction de Javier Latorre.<\/p>\n<p>En 2004, il entame une tourn\u00e9e au Mexique avec les ma\u00eetres Antonio Canales, La Moneta, Pepe Torres et Mercedes Ruiz. En 2008, il est programm\u00e9 au Festival de Jerez, o\u00f9 il donne un r\u00e9cital solo avec la guitare de Diego del Morao au Palacio de Villavicencio, obtenant un grand succ\u00e8s aupr\u00e8s de la critique et du public.<\/p>\n","protected":false},"featured_media":3016,"template":"","disciplina":[37],"class_list":["post-3317","artista","type-artista","status-publish","has-post-thumbnail","hentry","disciplina-chant"],"acf":[],"yoast_head":"<!-- This site is optimized with the Yoast SEO plugin v27.4 - https:\/\/yoast.com\/product\/yoast-seo-wordpress\/ -->\n<title>Miguel Lavi - La Casa del Flamenco<\/title>\n<meta name=\"robots\" content=\"index, follow, max-snippet:-1, max-image-preview:large, max-video-preview:-1\" \/>\n<link rel=\"canonical\" href=\"https:\/\/lacasadelflamencosevilla.com\/fr\/artista\/miguel-lavi\/\" \/>\n<meta property=\"og:locale\" content=\"fr_FR\" \/>\n<meta property=\"og:type\" content=\"article\" \/>\n<meta property=\"og:title\" content=\"Miguel Lavi - La Casa del Flamenco\" \/>\n<meta property=\"og:description\" content=\"Il est n\u00e9 \u00e0 Jerez de la Frontera, dans la mythique Plazuela, berceau d&rsquo;artistes prestigieux tels que La Paquera, Los Agujetas et Los Moneos, entre autres. Il a fait ses d\u00e9buts \u00e0 l&rsquo;\u00e2ge de douze ans dans La Pe\u00f1a Agujetas el Viejo \u00e0 Rota, Cadix. En 1998, il s&rsquo;est rendu au Japon avec les c\u00e9l\u00e8bres ... Lire la suite\" \/>\n<meta property=\"og:url\" content=\"https:\/\/lacasadelflamencosevilla.com\/fr\/artista\/miguel-lavi\/\" \/>\n<meta property=\"og:site_name\" content=\"La Casa del Flamenco\" \/>\n<meta property=\"article:publisher\" content=\"https:\/\/www.facebook.com\/LaCasaDelFlamenco\" \/>\n<meta property=\"article:modified_time\" content=\"2022-07-26T18:15:11+00:00\" \/>\n<meta property=\"og:image\" content=\"https:\/\/lacasadelflamencosevilla.com\/wp-content\/uploads\/2020\/04\/Miguel_lavi_lacasadelflamencosevilla-1.jpg\" \/>\n\t<meta property=\"og:image:width\" content=\"764\" \/>\n\t<meta property=\"og:image:height\" content=\"818\" \/>\n\t<meta property=\"og:image:type\" content=\"image\/jpeg\" \/>\n<meta name=\"twitter:card\" content=\"summary_large_image\" \/>\n<meta name=\"twitter:site\" content=\"@CasadelFlamenco\" \/>\n<meta name=\"twitter:label1\" content=\"Dur\u00e9e de lecture estim\u00e9e\" \/>\n\t<meta name=\"twitter:data1\" content=\"1 minute\" \/>\n<script type=\"application\/ld+json\" class=\"yoast-schema-graph\">{\"@context\":\"https:\\\/\\\/schema.org\",\"@graph\":[{\"@type\":\"WebPage\",\"@id\":\"https:\\\/\\\/lacasadelflamencosevilla.com\\\/fr\\\/artista\\\/miguel-lavi\\\/\",\"url\":\"https:\\\/\\\/lacasadelflamencosevilla.com\\\/fr\\\/artista\\\/miguel-lavi\\\/\",\"name\":\"Miguel Lavi - La Casa del Flamenco\",\"isPartOf\":{\"@id\":\"https:\\\/\\\/lacasadelflamencosevilla.com\\\/fr\\\/#website\"},\"primaryImageOfPage\":{\"@id\":\"https:\\\/\\\/lacasadelflamencosevilla.com\\\/fr\\\/artista\\\/miguel-lavi\\\/#primaryimage\"},\"image\":{\"@id\":\"https:\\\/\\\/lacasadelflamencosevilla.com\\\/fr\\\/artista\\\/miguel-lavi\\\/#primaryimage\"},\"thumbnailUrl\":\"https:\\\/\\\/lacasadelflamencosevilla.com\\\/wp-content\\\/uploads\\\/2020\\\/04\\\/Miguel_lavi_lacasadelflamencosevilla-1.jpg\",\"datePublished\":\"2020-04-27T12:50:24+00:00\",\"dateModified\":\"2022-07-26T18:15:11+00:00\",\"breadcrumb\":{\"@id\":\"https:\\\/\\\/lacasadelflamencosevilla.com\\\/fr\\\/artista\\\/miguel-lavi\\\/#breadcrumb\"},\"inLanguage\":\"fr-FR\",\"potentialAction\":[{\"@type\":\"ReadAction\",\"target\":[\"https:\\\/\\\/lacasadelflamencosevilla.com\\\/fr\\\/artista\\\/miguel-lavi\\\/\"]}]},{\"@type\":\"ImageObject\",\"inLanguage\":\"fr-FR\",\"@id\":\"https:\\\/\\\/lacasadelflamencosevilla.com\\\/fr\\\/artista\\\/miguel-lavi\\\/#primaryimage\",\"url\":\"https:\\\/\\\/lacasadelflamencosevilla.com\\\/wp-content\\\/uploads\\\/2020\\\/04\\\/Miguel_lavi_lacasadelflamencosevilla-1.jpg\",\"contentUrl\":\"https:\\\/\\\/lacasadelflamencosevilla.com\\\/wp-content\\\/uploads\\\/2020\\\/04\\\/Miguel_lavi_lacasadelflamencosevilla-1.jpg\",\"width\":764,\"height\":818},{\"@type\":\"BreadcrumbList\",\"@id\":\"https:\\\/\\\/lacasadelflamencosevilla.com\\\/fr\\\/artista\\\/miguel-lavi\\\/#breadcrumb\",\"itemListElement\":[{\"@type\":\"ListItem\",\"position\":1,\"name\":\"Portada\",\"item\":\"https:\\\/\\\/lacasadelflamencosevilla.com\\\/fr\\\/\"},{\"@type\":\"ListItem\",\"position\":2,\"name\":\"Miguel Lavi\"}]},{\"@type\":\"WebSite\",\"@id\":\"https:\\\/\\\/lacasadelflamencosevilla.com\\\/fr\\\/#website\",\"url\":\"https:\\\/\\\/lacasadelflamencosevilla.com\\\/fr\\\/\",\"name\":\"La Casa del Flamenco\",\"description\":\"\",\"publisher\":{\"@id\":\"https:\\\/\\\/lacasadelflamencosevilla.com\\\/fr\\\/#organization\"},\"potentialAction\":[{\"@type\":\"SearchAction\",\"target\":{\"@type\":\"EntryPoint\",\"urlTemplate\":\"https:\\\/\\\/lacasadelflamencosevilla.com\\\/fr\\\/?s={search_term_string}\"},\"query-input\":{\"@type\":\"PropertyValueSpecification\",\"valueRequired\":true,\"valueName\":\"search_term_string\"}}],\"inLanguage\":\"fr-FR\"},{\"@type\":\"Organization\",\"@id\":\"https:\\\/\\\/lacasadelflamencosevilla.com\\\/fr\\\/#organization\",\"name\":\"La Casa del Flamenco | Sevilla\",\"alternateName\":\"La Casa del Flamenco\",\"url\":\"https:\\\/\\\/lacasadelflamencosevilla.com\\\/fr\\\/\",\"logo\":{\"@type\":\"ImageObject\",\"inLanguage\":\"fr-FR\",\"@id\":\"https:\\\/\\\/lacasadelflamencosevilla.com\\\/fr\\\/#\\\/schema\\\/logo\\\/image\\\/\",\"url\":\"https:\\\/\\\/lacasadelflamencosevilla.com\\\/wp-content\\\/uploads\\\/2020\\\/04\\\/logo-la-casa-del-flamenco.png\",\"contentUrl\":\"https:\\\/\\\/lacasadelflamencosevilla.com\\\/wp-content\\\/uploads\\\/2020\\\/04\\\/logo-la-casa-del-flamenco.png\",\"width\":134,\"height\":188,\"caption\":\"La Casa del Flamenco | Sevilla\"},\"image\":{\"@id\":\"https:\\\/\\\/lacasadelflamencosevilla.com\\\/fr\\\/#\\\/schema\\\/logo\\\/image\\\/\"},\"sameAs\":[\"https:\\\/\\\/www.facebook.com\\\/LaCasaDelFlamenco\",\"https:\\\/\\\/x.com\\\/CasadelFlamenco\",\"https:\\\/\\\/www.instagram.com\\\/lacasadelflamenco\"]}]}<\/script>\n<!-- \/ Yoast SEO plugin. -->","yoast_head_json":{"title":"Miguel Lavi - La Casa del Flamenco","robots":{"index":"index","follow":"follow","max-snippet":"max-snippet:-1","max-image-preview":"max-image-preview:large","max-video-preview":"max-video-preview:-1"},"canonical":"https:\/\/lacasadelflamencosevilla.com\/fr\/artista\/miguel-lavi\/","og_locale":"fr_FR","og_type":"article","og_title":"Miguel Lavi - La Casa del Flamenco","og_description":"Il est n\u00e9 \u00e0 Jerez de la Frontera, dans la mythique Plazuela, berceau d&rsquo;artistes prestigieux tels que La Paquera, Los Agujetas et Los Moneos, entre autres. Il a fait ses d\u00e9buts \u00e0 l&rsquo;\u00e2ge de douze ans dans La Pe\u00f1a Agujetas el Viejo \u00e0 Rota, Cadix. En 1998, il s&rsquo;est rendu au Japon avec les c\u00e9l\u00e8bres ... Lire la suite","og_url":"https:\/\/lacasadelflamencosevilla.com\/fr\/artista\/miguel-lavi\/","og_site_name":"La Casa del Flamenco","article_publisher":"https:\/\/www.facebook.com\/LaCasaDelFlamenco","article_modified_time":"2022-07-26T18:15:11+00:00","og_image":[{"width":764,"height":818,"url":"https:\/\/lacasadelflamencosevilla.com\/wp-content\/uploads\/2020\/04\/Miguel_lavi_lacasadelflamencosevilla-1.jpg","type":"image\/jpeg"}],"twitter_card":"summary_large_image","twitter_site":"@CasadelFlamenco","twitter_misc":{"Dur\u00e9e de lecture estim\u00e9e":"1 minute"},"schema":{"@context":"https:\/\/schema.org","@graph":[{"@type":"WebPage","@id":"https:\/\/lacasadelflamencosevilla.com\/fr\/artista\/miguel-lavi\/","url":"https:\/\/lacasadelflamencosevilla.com\/fr\/artista\/miguel-lavi\/","name":"Miguel Lavi - La Casa del Flamenco","isPartOf":{"@id":"https:\/\/lacasadelflamencosevilla.com\/fr\/#website"},"primaryImageOfPage":{"@id":"https:\/\/lacasadelflamencosevilla.com\/fr\/artista\/miguel-lavi\/#primaryimage"},"image":{"@id":"https:\/\/lacasadelflamencosevilla.com\/fr\/artista\/miguel-lavi\/#primaryimage"},"thumbnailUrl":"https:\/\/lacasadelflamencosevilla.com\/wp-content\/uploads\/2020\/04\/Miguel_lavi_lacasadelflamencosevilla-1.jpg","datePublished":"2020-04-27T12:50:24+00:00","dateModified":"2022-07-26T18:15:11+00:00","breadcrumb":{"@id":"https:\/\/lacasadelflamencosevilla.com\/fr\/artista\/miguel-lavi\/#breadcrumb"},"inLanguage":"fr-FR","potentialAction":[{"@type":"ReadAction","target":["https:\/\/lacasadelflamencosevilla.com\/fr\/artista\/miguel-lavi\/"]}]},{"@type":"ImageObject","inLanguage":"fr-FR","@id":"https:\/\/lacasadelflamencosevilla.com\/fr\/artista\/miguel-lavi\/#primaryimage","url":"https:\/\/lacasadelflamencosevilla.com\/wp-content\/uploads\/2020\/04\/Miguel_lavi_lacasadelflamencosevilla-1.jpg","contentUrl":"https:\/\/lacasadelflamencosevilla.com\/wp-content\/uploads\/2020\/04\/Miguel_lavi_lacasadelflamencosevilla-1.jpg","width":764,"height":818},{"@type":"BreadcrumbList","@id":"https:\/\/lacasadelflamencosevilla.com\/fr\/artista\/miguel-lavi\/#breadcrumb","itemListElement":[{"@type":"ListItem","position":1,"name":"Portada","item":"https:\/\/lacasadelflamencosevilla.com\/fr\/"},{"@type":"ListItem","position":2,"name":"Miguel Lavi"}]},{"@type":"WebSite","@id":"https:\/\/lacasadelflamencosevilla.com\/fr\/#website","url":"https:\/\/lacasadelflamencosevilla.com\/fr\/","name":"La Casa del Flamenco","description":"","publisher":{"@id":"https:\/\/lacasadelflamencosevilla.com\/fr\/#organization"},"potentialAction":[{"@type":"SearchAction","target":{"@type":"EntryPoint","urlTemplate":"https:\/\/lacasadelflamencosevilla.com\/fr\/?s={search_term_string}"},"query-input":{"@type":"PropertyValueSpecification","valueRequired":true,"valueName":"search_term_string"}}],"inLanguage":"fr-FR"},{"@type":"Organization","@id":"https:\/\/lacasadelflamencosevilla.com\/fr\/#organization","name":"La Casa del Flamenco | Sevilla","alternateName":"La Casa del Flamenco","url":"https:\/\/lacasadelflamencosevilla.com\/fr\/","logo":{"@type":"ImageObject","inLanguage":"fr-FR","@id":"https:\/\/lacasadelflamencosevilla.com\/fr\/#\/schema\/logo\/image\/","url":"https:\/\/lacasadelflamencosevilla.com\/wp-content\/uploads\/2020\/04\/logo-la-casa-del-flamenco.png","contentUrl":"https:\/\/lacasadelflamencosevilla.com\/wp-content\/uploads\/2020\/04\/logo-la-casa-del-flamenco.png","width":134,"height":188,"caption":"La Casa del Flamenco | Sevilla"},"image":{"@id":"https:\/\/lacasadelflamencosevilla.com\/fr\/#\/schema\/logo\/image\/"},"sameAs":["https:\/\/www.facebook.com\/LaCasaDelFlamenco","https:\/\/x.com\/CasadelFlamenco","https:\/\/www.instagram.com\/lacasadelflamenco"]}]}},"_links":{"self":[{"href":"https:\/\/lacasadelflamencosevilla.com\/fr\/wp-json\/wp\/v2\/artista\/3317","targetHints":{"allow":["GET"]}}],"collection":[{"href":"https:\/\/lacasadelflamencosevilla.com\/fr\/wp-json\/wp\/v2\/artista"}],"about":[{"href":"https:\/\/lacasadelflamencosevilla.com\/fr\/wp-json\/wp\/v2\/types\/artista"}],"wp:featuredmedia":[{"embeddable":true,"href":"https:\/\/lacasadelflamencosevilla.com\/fr\/wp-json\/wp\/v2\/media\/3016"}],"wp:attachment":[{"href":"https:\/\/lacasadelflamencosevilla.com\/fr\/wp-json\/wp\/v2\/media?parent=3317"}],"wp:term":[{"taxonomy":"disciplina","embeddable":true,"href":"https:\/\/lacasadelflamencosevilla.com\/fr\/wp-json\/wp\/v2\/disciplina?post=3317"}],"curies":[{"name":"wp","href":"https:\/\/api.w.org\/{rel}","templated":true}]}}

<p>Il est né à Jerez de la Frontera, dans la mythique Plazuela, berceau d&rsquo;artistes prestigieux tels que La Paquera, Los Agujetas et Los Moneos, entre autres.</p>
<p>Il a fait ses débuts à l&rsquo;âge de douze ans dans La Peña Agujetas el Viejo à Rota, Cadix. En 1998, il s&rsquo;est rendu au Japon avec les célèbres danseurs Andrés Peña et Mercedes Ruíz. Plus tard, il est retourné au Japon pour collaborer à plusieurs spectacles du maître Kojima.</p>
<p>En 1999, il se rend à Barcelone, où il travaille au Tablao « El Cordobés » pendant cinq ans, en alternance avec des artistes de la stature d&rsquo;Antonio Canales, Duquende ou Belén Maya. Cette année-là, il participe également aux œuvres « Somorrostro » et « Los Tarantos » sous la direction de Javier Latorre.</p>
<p>En 2004, il entame une tournée au Mexique avec les maîtres Antonio Canales, La Moneta, Pepe Torres et Mercedes Ruiz. En 2008, il est programmé au Festival de Jerez, où il donne un récital solo avec la guitare de Diego del Morao au Palacio de Villavicencio, obtenant un grand succès auprès de la critique et du public.</p>

<!-- This site is optimized with the Yoast SEO plugin v27.4 - https://yoast.com/product/yoast-seo-wordpress/ -->
<title>Miguel Lavi - La Casa del Flamenco</title>
<meta name="robots" content="index, follow, max-snippet:-1, max-image-preview:large, max-video-preview:-1" />
<link rel="canonical" href="https://lacasadelflamencosevilla.com/fr/artista/miguel-lavi/" />
<meta property="og:locale" content="fr_FR" />
<meta property="og:type" content="article" />
<meta property="og:title" content="Miguel Lavi - La Casa del Flamenco" />
<meta property="og:description" content="Il est né à Jerez de la Frontera, dans la mythique Plazuela, berceau d&rsquo;artistes prestigieux tels que La Paquera, Los Agujetas et Los Moneos, entre autres. Il a fait ses débuts à l&rsquo;âge de douze ans dans La Peña Agujetas el Viejo à Rota, Cadix. En 1998, il s&rsquo;est rendu au Japon avec les célèbres ... Lire la suite" />
<meta property="og:url" content="https://lacasadelflamencosevilla.com/fr/artista/miguel-lavi/" />
<meta property="og:site_name" content="La Casa del Flamenco" />
<meta property="article:publisher" content="https://www.facebook.com/LaCasaDelFlamenco" />
<meta property="article:modified_time" content="2022-07-26T18:15:11+00:00" />
<meta property="og:image" content="https://lacasadelflamencosevilla.com/wp-content/uploads/2020/04/Miguel_lavi_lacasadelflamencosevilla-1.jpg" />
	<meta property="og:image:width" content="764" />
	<meta property="og:image:height" content="818" />
	<meta property="og:image:type" content="image/jpeg" />
<meta name="twitter:card" content="summary_large_image" />
<meta name="twitter:site" content="@CasadelFlamenco" />
<meta name="twitter:label1" content="Durée de lecture estimée" />
	<meta name="twitter:data1" content="1 minute" />
<script type="application/ld+json" class="yoast-schema-graph">{"@context":"https:\/\/schema.org","@graph":[{"@type":"WebPage","@id":"https:\/\/lacasadelflamencosevilla.com\/fr\/artista\/miguel-lavi\/","url":"https:\/\/lacasadelflamencosevilla.com\/fr\/artista\/miguel-lavi\/","name":"Miguel Lavi - La Casa del Flamenco","isPartOf":{"@id":"https:\/\/lacasadelflamencosevilla.com\/fr\/#website"},"primaryImageOfPage":{"@id":"https:\/\/lacasadelflamencosevilla.com\/fr\/artista\/miguel-lavi\/#primaryimage"},"image":{"@id":"https:\/\/lacasadelflamencosevilla.com\/fr\/artista\/miguel-lavi\/#primaryimage"},"thumbnailUrl":"https:\/\/lacasadelflamencosevilla.com\/wp-content\/uploads\/2020\/04\/Miguel_lavi_lacasadelflamencosevilla-1.jpg","datePublished":"2020-04-27T12:50:24+00:00","dateModified":"2022-07-26T18:15:11+00:00","breadcrumb":{"@id":"https:\/\/lacasadelflamencosevilla.com\/fr\/artista\/miguel-lavi\/#breadcrumb"},"inLanguage":"fr-FR","potentialAction":[{"@type":"ReadAction","target":["https:\/\/lacasadelflamencosevilla.com\/fr\/artista\/miguel-lavi\/"]}]},{"@type":"ImageObject","inLanguage":"fr-FR","@id":"https:\/\/lacasadelflamencosevilla.com\/fr\/artista\/miguel-lavi\/#primaryimage","url":"https:\/\/lacasadelflamencosevilla.com\/wp-content\/uploads\/2020\/04\/Miguel_lavi_lacasadelflamencosevilla-1.jpg","contentUrl":"https:\/\/lacasadelflamencosevilla.com\/wp-content\/uploads\/2020\/04\/Miguel_lavi_lacasadelflamencosevilla-1.jpg","width":764,"height":818},{"@type":"BreadcrumbList","@id":"https:\/\/lacasadelflamencosevilla.com\/fr\/artista\/miguel-lavi\/#breadcrumb","itemListElement":[{"@type":"ListItem","position":1,"name":"Portada","item":"https:\/\/lacasadelflamencosevilla.com\/fr\/"},{"@type":"ListItem","position":2,"name":"Miguel Lavi"}]},{"@type":"WebSite","@id":"https:\/\/lacasadelflamencosevilla.com\/fr\/#website","url":"https:\/\/lacasadelflamencosevilla.com\/fr\/","name":"La Casa del Flamenco","description":"","publisher":{"@id":"https:\/\/lacasadelflamencosevilla.com\/fr\/#organization"},"potentialAction":[{"@type":"SearchAction","target":{"@type":"EntryPoint","urlTemplate":"https:\/\/lacasadelflamencosevilla.com\/fr\/?s={search_term_string}"},"query-input":{"@type":"PropertyValueSpecification","valueRequired":true,"valueName":"search_term_string"}}],"inLanguage":"fr-FR"},{"@type":"Organization","@id":"https:\/\/lacasadelflamencosevilla.com\/fr\/#organization","name":"La Casa del Flamenco | Sevilla","alternateName":"La Casa del Flamenco","url":"https:\/\/lacasadelflamencosevilla.com\/fr\/","logo":{"@type":"ImageObject","inLanguage":"fr-FR","@id":"https:\/\/lacasadelflamencosevilla.com\/fr\/#\/schema\/logo\/image\/","url":"https:\/\/lacasadelflamencosevilla.com\/wp-content\/uploads\/2020\/04\/logo-la-casa-del-flamenco.png","contentUrl":"https:\/\/lacasadelflamencosevilla.com\/wp-content\/uploads\/2020\/04\/logo-la-casa-del-flamenco.png","width":134,"height":188,"caption":"La Casa del Flamenco | Sevilla"},"image":{"@id":"https:\/\/lacasadelflamencosevilla.com\/fr\/#\/schema\/logo\/image\/"},"sameAs":["https:\/\/www.facebook.com\/LaCasaDelFlamenco","https:\/\/x.com\/CasadelFlamenco","https:\/\/www.instagram.com\/lacasadelflamenco"]}]}</script>
<!-- / Yoast SEO plugin. -->

Il est né à Jerez de la Frontera, dans la mythique Plazuela, berceau d&rsquo;artistes prestigieux tels que La Paquera, Los Agujetas et Los Moneos, entre autres. Il a fait ses débuts à l&rsquo;âge de douze ans dans La Peña Agujetas el Viejo à Rota, Cadix. En 1998, il s&rsquo;est rendu au Japon avec les célèbres ... Lire la suite
