{"version":"1.0","provider_name":"La Casa del Flamenco","provider_url":"https:\/\/lacasadelflamencosevilla.com\/fr\/","author_name":"La Casa del Flamenco","author_url":"https:\/\/lacasadelflamencosevilla.com\/fr\/author\/0707a953d2\/","title":"Sara Corea - La Casa del Flamenco","type":"rich","width":600,"height":338,"html":"<blockquote class=\"wp-embedded-content\" data-secret=\"KrzQazpdWA\"><a href=\"https:\/\/lacasadelflamencosevilla.com\/fr\/artista\/sara-corea\/\">Sara Corea<\/a><\/blockquote><iframe sandbox=\"allow-scripts\" security=\"restricted\" src=\"https:\/\/lacasadelflamencosevilla.com\/fr\/artista\/sara-corea\/embed\/#?secret=KrzQazpdWA\" width=\"600\" height=\"338\" title=\"\u00ab\u00a0Sara Corea\u00a0\u00bb &#8212; La Casa del Flamenco\" data-secret=\"KrzQazpdWA\" frameborder=\"0\" marginwidth=\"0\" marginheight=\"0\" scrolling=\"no\" class=\"wp-embedded-content\"><\/iframe><script>\n\/*! This file is auto-generated *\/\n!function(d,l){\"use strict\";l.querySelector&&d.addEventListener&&\"undefined\"!=typeof URL&&(d.wp=d.wp||{},d.wp.receiveEmbedMessage||(d.wp.receiveEmbedMessage=function(e){var t=e.data;if((t||t.secret||t.message||t.value)&&!\/[^a-zA-Z0-9]\/.test(t.secret)){for(var s,r,n,a=l.querySelectorAll('iframe[data-secret=\"'+t.secret+'\"]'),o=l.querySelectorAll('blockquote[data-secret=\"'+t.secret+'\"]'),c=new RegExp(\"^https?:$\",\"i\"),i=0;i<o.length;i++)o[i].style.display=\"none\";for(i=0;i<a.length;i++)s=a[i],e.source===s.contentWindow&&(s.removeAttribute(\"style\"),\"height\"===t.message?(1e3<(r=parseInt(t.value,10))?r=1e3:~~r<200&&(r=200),s.height=r):\"link\"===t.message&&(r=new URL(s.getAttribute(\"src\")),n=new URL(t.value),c.test(n.protocol))&&n.host===r.host&&l.activeElement===s&&(d.top.location.href=t.value))}},d.addEventListener(\"message\",d.wp.receiveEmbedMessage,!1),l.addEventListener(\"DOMContentLoaded\",function(){for(var e,t,s=l.querySelectorAll(\"iframe.wp-embedded-content\"),r=0;r<s.length;r++)(t=(e=s[r]).getAttribute(\"data-secret\"))||(t=Math.random().toString(36).substring(2,12),e.src+=\"#?secret=\"+t,e.setAttribute(\"data-secret\",t)),e.contentWindow.postMessage({message:\"ready\",secret:t},\"*\")},!1)))}(window,document);\n\/\/# sourceURL=https:\/\/lacasadelflamencosevilla.com\/wp-includes\/js\/wp-embed.min.js\n<\/script>\n","thumbnail_url":"https:\/\/lacasadelflamencosevilla.com\/wp-content\/uploads\/2023\/09\/sara_corea_lacasadelflamencosevilla.jpg","thumbnail_width":2560,"thumbnail_height":2560,"description":"N\u00e9e \u00e0 C\u00f3rdoba, son amour pour le flamenco a commenc\u00e9 d\u00e8s son plus je\u00fbne \u00e2ge, lorsque son p\u00e8re et son grand-p\u00e8re l\u2019emmenaient chaque semaine au club de flamenco \u201cAgust\u00edn Fern\u00e1ndez\u201d de Pozoblanco. Elle s\u2019est form\u00e9e \u00e0 la danse et au chant, optant finalement pour la seconde discipline. En 2020 elle termine ses etudes dans sa ... Lire la suite"}

Née à Córdoba, son amour pour le flamenco a commencé dès son plus jeûne âge, lorsque son père et son grand-père l’emmenaient chaque semaine au club de flamenco “Agustín Fernández” de Pozoblanco. Elle s’est formée à la danse et au chant, optant finalement pour la seconde discipline. En 2020 elle termine ses etudes dans sa ... Lire la suite
