{"id":3328,"date":"2020-04-27T14:44:54","date_gmt":"2020-04-27T14:44:54","guid":{"rendered":"https:\/\/lacasadelflamencosevilla.com\/artista\/ramon-martinez\/"},"modified":"2020-06-03T14:56:57","modified_gmt":"2020-06-03T14:56:57","slug":"ramon-martinez","status":"publish","type":"artista","link":"https:\/\/lacasadelflamencosevilla.com\/en\/artista\/ramon-martinez\/","title":{"rendered":"Ram\u00f3n Mart\u00ednez"},"content":{"rendered":"<p>A native of Malaga, he began his career in that city, where he graduated with honours from the Conservatorio Superior de Danza Espa\u00f1ola. Among his teachers are great figures, such as Matilde Coral, Manolo Mar\u00edn and Eva la Yerbabuena.<\/p>\n<p>Throughout his long career he has received prestigious awards, most notably those obtained at the Concurso de Baile de la Pe\u00f1a Flamenca Torre del Cante in 1992, at the Concurso Nacional de La Perla de C\u00e1diz in 2003 and the Dora Mayor Award in 2007 (Toronto).<\/p>\n<p>This young dancer has been part of the Andalusian Dance Company, with which he has taken his own performances to different countries around the world. At the same time, he has shared the stage with artists such as Mar\u00eda Pag\u00e9s, Cristina Hoyos and Paco Pe\u00f1a. With the latter, he toured with his show &#8220;A comp\u00e1s&#8221; The first of these, which also led him to perform in theatres such as the Peacock in London, the Sydney Opera House and Town Hall on Broadway.<\/p>\n<p>Later, he toured the USA with the show &#8220;Flamenco Vivo&#8221; and participated in the Bienal de Sevilla, collaborating with the famous Manuel de Paula in &#8220;AnCa&#8217;Paula&#8221;. Also locally, he has presented &#8220;Desplumados&#8221; at the Sala Fli in Seville and &#8220;Canbagui&#8221; in the cycle Los Jueves Flamencos de Cajasol in the same city. With all this, this tireless creator has been a great success with critics and public.<\/p>\n<p>Currently, as well as touring important stages, he trains artists in Alicia M\u00e1rquez&#8217;s flamenco studio.<\/p>\n","protected":false},"featured_media":2633,"template":"","disciplina":[27],"class_list":["post-3328","artista","type-artista","status-publish","has-post-thumbnail","hentry","disciplina-dancing"],"acf":[],"yoast_head":"<!-- This site is optimized with the Yoast SEO plugin v27.4 - https:\/\/yoast.com\/product\/yoast-seo-wordpress\/ -->\n<title>Ram\u00f3n Mart\u00ednez - La Casa del Flamenco<\/title>\n<meta name=\"robots\" content=\"index, follow, max-snippet:-1, max-image-preview:large, max-video-preview:-1\" \/>\n<link rel=\"canonical\" href=\"https:\/\/lacasadelflamencosevilla.com\/en\/artista\/ramon-martinez\/\" \/>\n<meta property=\"og:locale\" content=\"en_US\" \/>\n<meta property=\"og:type\" content=\"article\" \/>\n<meta property=\"og:title\" content=\"Ram\u00f3n Mart\u00ednez - La Casa del Flamenco\" \/>\n<meta property=\"og:description\" content=\"A native of Malaga, he began his career in that city, where he graduated with honours from the Conservatorio Superior de Danza Espa\u00f1ola. Among his teachers are great figures, such as Matilde Coral, Manolo Mar\u00edn and Eva la Yerbabuena. Throughout his long career he has received prestigious awards, most notably those obtained at the Concurso ... Read more\" \/>\n<meta property=\"og:url\" content=\"https:\/\/lacasadelflamencosevilla.com\/en\/artista\/ramon-martinez\/\" \/>\n<meta property=\"og:site_name\" content=\"La Casa del Flamenco\" \/>\n<meta property=\"article:publisher\" content=\"https:\/\/www.facebook.com\/LaCasaDelFlamenco\" \/>\n<meta property=\"article:modified_time\" content=\"2020-06-03T14:56:57+00:00\" \/>\n<meta property=\"og:image\" content=\"https:\/\/lacasadelflamencosevilla.com\/wp-content\/uploads\/2020\/04\/Elenco_Ramon-Martinez_Grande.jpg\" \/>\n\t<meta property=\"og:image:width\" content=\"764\" \/>\n\t<meta property=\"og:image:height\" content=\"818\" \/>\n\t<meta property=\"og:image:type\" content=\"image\/jpeg\" \/>\n<meta name=\"twitter:card\" content=\"summary_large_image\" \/>\n<meta name=\"twitter:site\" content=\"@CasadelFlamenco\" \/>\n<meta name=\"twitter:label1\" content=\"Est. reading time\" \/>\n\t<meta name=\"twitter:data1\" content=\"1 minute\" \/>\n<script type=\"application\/ld+json\" class=\"yoast-schema-graph\">{\"@context\":\"https:\\\/\\\/schema.org\",\"@graph\":[{\"@type\":\"WebPage\",\"@id\":\"https:\\\/\\\/lacasadelflamencosevilla.com\\\/en\\\/artista\\\/ramon-martinez\\\/\",\"url\":\"https:\\\/\\\/lacasadelflamencosevilla.com\\\/en\\\/artista\\\/ramon-martinez\\\/\",\"name\":\"Ram\u00f3n Mart\u00ednez - La Casa del Flamenco\",\"isPartOf\":{\"@id\":\"https:\\\/\\\/lacasadelflamencosevilla.com\\\/en\\\/#website\"},\"primaryImageOfPage\":{\"@id\":\"https:\\\/\\\/lacasadelflamencosevilla.com\\\/en\\\/artista\\\/ramon-martinez\\\/#primaryimage\"},\"image\":{\"@id\":\"https:\\\/\\\/lacasadelflamencosevilla.com\\\/en\\\/artista\\\/ramon-martinez\\\/#primaryimage\"},\"thumbnailUrl\":\"https:\\\/\\\/lacasadelflamencosevilla.com\\\/wp-content\\\/uploads\\\/2020\\\/04\\\/Elenco_Ramon-Martinez_Grande.jpg\",\"datePublished\":\"2020-04-27T14:44:54+00:00\",\"dateModified\":\"2020-06-03T14:56:57+00:00\",\"breadcrumb\":{\"@id\":\"https:\\\/\\\/lacasadelflamencosevilla.com\\\/en\\\/artista\\\/ramon-martinez\\\/#breadcrumb\"},\"inLanguage\":\"en-US\",\"potentialAction\":[{\"@type\":\"ReadAction\",\"target\":[\"https:\\\/\\\/lacasadelflamencosevilla.com\\\/en\\\/artista\\\/ramon-martinez\\\/\"]}]},{\"@type\":\"ImageObject\",\"inLanguage\":\"en-US\",\"@id\":\"https:\\\/\\\/lacasadelflamencosevilla.com\\\/en\\\/artista\\\/ramon-martinez\\\/#primaryimage\",\"url\":\"https:\\\/\\\/lacasadelflamencosevilla.com\\\/wp-content\\\/uploads\\\/2020\\\/04\\\/Elenco_Ramon-Martinez_Grande.jpg\",\"contentUrl\":\"https:\\\/\\\/lacasadelflamencosevilla.com\\\/wp-content\\\/uploads\\\/2020\\\/04\\\/Elenco_Ramon-Martinez_Grande.jpg\",\"width\":764,\"height\":818},{\"@type\":\"BreadcrumbList\",\"@id\":\"https:\\\/\\\/lacasadelflamencosevilla.com\\\/en\\\/artista\\\/ramon-martinez\\\/#breadcrumb\",\"itemListElement\":[{\"@type\":\"ListItem\",\"position\":1,\"name\":\"Portada\",\"item\":\"https:\\\/\\\/lacasadelflamencosevilla.com\\\/en\\\/\"},{\"@type\":\"ListItem\",\"position\":2,\"name\":\"Ram\u00f3n Mart\u00ednez\"}]},{\"@type\":\"WebSite\",\"@id\":\"https:\\\/\\\/lacasadelflamencosevilla.com\\\/en\\\/#website\",\"url\":\"https:\\\/\\\/lacasadelflamencosevilla.com\\\/en\\\/\",\"name\":\"La Casa del Flamenco\",\"description\":\"\",\"publisher\":{\"@id\":\"https:\\\/\\\/lacasadelflamencosevilla.com\\\/en\\\/#organization\"},\"potentialAction\":[{\"@type\":\"SearchAction\",\"target\":{\"@type\":\"EntryPoint\",\"urlTemplate\":\"https:\\\/\\\/lacasadelflamencosevilla.com\\\/en\\\/?s={search_term_string}\"},\"query-input\":{\"@type\":\"PropertyValueSpecification\",\"valueRequired\":true,\"valueName\":\"search_term_string\"}}],\"inLanguage\":\"en-US\"},{\"@type\":\"Organization\",\"@id\":\"https:\\\/\\\/lacasadelflamencosevilla.com\\\/en\\\/#organization\",\"name\":\"La Casa del Flamenco | Sevilla\",\"alternateName\":\"La Casa del Flamenco\",\"url\":\"https:\\\/\\\/lacasadelflamencosevilla.com\\\/en\\\/\",\"logo\":{\"@type\":\"ImageObject\",\"inLanguage\":\"en-US\",\"@id\":\"https:\\\/\\\/lacasadelflamencosevilla.com\\\/en\\\/#\\\/schema\\\/logo\\\/image\\\/\",\"url\":\"https:\\\/\\\/lacasadelflamencosevilla.com\\\/wp-content\\\/uploads\\\/2020\\\/04\\\/logo-la-casa-del-flamenco.png\",\"contentUrl\":\"https:\\\/\\\/lacasadelflamencosevilla.com\\\/wp-content\\\/uploads\\\/2020\\\/04\\\/logo-la-casa-del-flamenco.png\",\"width\":134,\"height\":188,\"caption\":\"La Casa del Flamenco | Sevilla\"},\"image\":{\"@id\":\"https:\\\/\\\/lacasadelflamencosevilla.com\\\/en\\\/#\\\/schema\\\/logo\\\/image\\\/\"},\"sameAs\":[\"https:\\\/\\\/www.facebook.com\\\/LaCasaDelFlamenco\",\"https:\\\/\\\/x.com\\\/CasadelFlamenco\",\"https:\\\/\\\/www.instagram.com\\\/lacasadelflamenco\"]}]}<\/script>\n<!-- \/ Yoast SEO plugin. -->","yoast_head_json":{"title":"Ram\u00f3n Mart\u00ednez - La Casa del Flamenco","robots":{"index":"index","follow":"follow","max-snippet":"max-snippet:-1","max-image-preview":"max-image-preview:large","max-video-preview":"max-video-preview:-1"},"canonical":"https:\/\/lacasadelflamencosevilla.com\/en\/artista\/ramon-martinez\/","og_locale":"en_US","og_type":"article","og_title":"Ram\u00f3n Mart\u00ednez - La Casa del Flamenco","og_description":"A native of Malaga, he began his career in that city, where he graduated with honours from the Conservatorio Superior de Danza Espa\u00f1ola. Among his teachers are great figures, such as Matilde Coral, Manolo Mar\u00edn and Eva la Yerbabuena. Throughout his long career he has received prestigious awards, most notably those obtained at the Concurso ... Read more","og_url":"https:\/\/lacasadelflamencosevilla.com\/en\/artista\/ramon-martinez\/","og_site_name":"La Casa del Flamenco","article_publisher":"https:\/\/www.facebook.com\/LaCasaDelFlamenco","article_modified_time":"2020-06-03T14:56:57+00:00","og_image":[{"width":764,"height":818,"url":"https:\/\/lacasadelflamencosevilla.com\/wp-content\/uploads\/2020\/04\/Elenco_Ramon-Martinez_Grande.jpg","type":"image\/jpeg"}],"twitter_card":"summary_large_image","twitter_site":"@CasadelFlamenco","twitter_misc":{"Est. reading time":"1 minute"},"schema":{"@context":"https:\/\/schema.org","@graph":[{"@type":"WebPage","@id":"https:\/\/lacasadelflamencosevilla.com\/en\/artista\/ramon-martinez\/","url":"https:\/\/lacasadelflamencosevilla.com\/en\/artista\/ramon-martinez\/","name":"Ram\u00f3n Mart\u00ednez - La Casa del Flamenco","isPartOf":{"@id":"https:\/\/lacasadelflamencosevilla.com\/en\/#website"},"primaryImageOfPage":{"@id":"https:\/\/lacasadelflamencosevilla.com\/en\/artista\/ramon-martinez\/#primaryimage"},"image":{"@id":"https:\/\/lacasadelflamencosevilla.com\/en\/artista\/ramon-martinez\/#primaryimage"},"thumbnailUrl":"https:\/\/lacasadelflamencosevilla.com\/wp-content\/uploads\/2020\/04\/Elenco_Ramon-Martinez_Grande.jpg","datePublished":"2020-04-27T14:44:54+00:00","dateModified":"2020-06-03T14:56:57+00:00","breadcrumb":{"@id":"https:\/\/lacasadelflamencosevilla.com\/en\/artista\/ramon-martinez\/#breadcrumb"},"inLanguage":"en-US","potentialAction":[{"@type":"ReadAction","target":["https:\/\/lacasadelflamencosevilla.com\/en\/artista\/ramon-martinez\/"]}]},{"@type":"ImageObject","inLanguage":"en-US","@id":"https:\/\/lacasadelflamencosevilla.com\/en\/artista\/ramon-martinez\/#primaryimage","url":"https:\/\/lacasadelflamencosevilla.com\/wp-content\/uploads\/2020\/04\/Elenco_Ramon-Martinez_Grande.jpg","contentUrl":"https:\/\/lacasadelflamencosevilla.com\/wp-content\/uploads\/2020\/04\/Elenco_Ramon-Martinez_Grande.jpg","width":764,"height":818},{"@type":"BreadcrumbList","@id":"https:\/\/lacasadelflamencosevilla.com\/en\/artista\/ramon-martinez\/#breadcrumb","itemListElement":[{"@type":"ListItem","position":1,"name":"Portada","item":"https:\/\/lacasadelflamencosevilla.com\/en\/"},{"@type":"ListItem","position":2,"name":"Ram\u00f3n Mart\u00ednez"}]},{"@type":"WebSite","@id":"https:\/\/lacasadelflamencosevilla.com\/en\/#website","url":"https:\/\/lacasadelflamencosevilla.com\/en\/","name":"La Casa del Flamenco","description":"","publisher":{"@id":"https:\/\/lacasadelflamencosevilla.com\/en\/#organization"},"potentialAction":[{"@type":"SearchAction","target":{"@type":"EntryPoint","urlTemplate":"https:\/\/lacasadelflamencosevilla.com\/en\/?s={search_term_string}"},"query-input":{"@type":"PropertyValueSpecification","valueRequired":true,"valueName":"search_term_string"}}],"inLanguage":"en-US"},{"@type":"Organization","@id":"https:\/\/lacasadelflamencosevilla.com\/en\/#organization","name":"La Casa del Flamenco | Sevilla","alternateName":"La Casa del Flamenco","url":"https:\/\/lacasadelflamencosevilla.com\/en\/","logo":{"@type":"ImageObject","inLanguage":"en-US","@id":"https:\/\/lacasadelflamencosevilla.com\/en\/#\/schema\/logo\/image\/","url":"https:\/\/lacasadelflamencosevilla.com\/wp-content\/uploads\/2020\/04\/logo-la-casa-del-flamenco.png","contentUrl":"https:\/\/lacasadelflamencosevilla.com\/wp-content\/uploads\/2020\/04\/logo-la-casa-del-flamenco.png","width":134,"height":188,"caption":"La Casa del Flamenco | Sevilla"},"image":{"@id":"https:\/\/lacasadelflamencosevilla.com\/en\/#\/schema\/logo\/image\/"},"sameAs":["https:\/\/www.facebook.com\/LaCasaDelFlamenco","https:\/\/x.com\/CasadelFlamenco","https:\/\/www.instagram.com\/lacasadelflamenco"]}]}},"_links":{"self":[{"href":"https:\/\/lacasadelflamencosevilla.com\/en\/wp-json\/wp\/v2\/artista\/3328","targetHints":{"allow":["GET"]}}],"collection":[{"href":"https:\/\/lacasadelflamencosevilla.com\/en\/wp-json\/wp\/v2\/artista"}],"about":[{"href":"https:\/\/lacasadelflamencosevilla.com\/en\/wp-json\/wp\/v2\/types\/artista"}],"wp:featuredmedia":[{"embeddable":true,"href":"https:\/\/lacasadelflamencosevilla.com\/en\/wp-json\/wp\/v2\/media\/2633"}],"wp:attachment":[{"href":"https:\/\/lacasadelflamencosevilla.com\/en\/wp-json\/wp\/v2\/media?parent=3328"}],"wp:term":[{"taxonomy":"disciplina","embeddable":true,"href":"https:\/\/lacasadelflamencosevilla.com\/en\/wp-json\/wp\/v2\/disciplina?post=3328"}],"curies":[{"name":"wp","href":"https:\/\/api.w.org\/{rel}","templated":true}]}}

Ramón Martínez

<p>A native of Malaga, he began his career in that city, where he graduated with honours from the Conservatorio Superior de Danza Española. Among his teachers are great figures, such as Matilde Coral, Manolo Marín and Eva la Yerbabuena.</p>
<p>Throughout his long career he has received prestigious awards, most notably those obtained at the Concurso de Baile de la Peña Flamenca Torre del Cante in 1992, at the Concurso Nacional de La Perla de Cádiz in 2003 and the Dora Mayor Award in 2007 (Toronto).</p>
<p>This young dancer has been part of the Andalusian Dance Company, with which he has taken his own performances to different countries around the world. At the same time, he has shared the stage with artists such as María Pagés, Cristina Hoyos and Paco Peña. With the latter, he toured with his show &#8220;A compás&#8221; The first of these, which also led him to perform in theatres such as the Peacock in London, the Sydney Opera House and Town Hall on Broadway.</p>
<p>Later, he toured the USA with the show &#8220;Flamenco Vivo&#8221; and participated in the Bienal de Sevilla, collaborating with the famous Manuel de Paula in &#8220;AnCa&#8217;Paula&#8221;. Also locally, he has presented &#8220;Desplumados&#8221; at the Sala Fli in Seville and &#8220;Canbagui&#8221; in the cycle Los Jueves Flamencos de Cajasol in the same city. With all this, this tireless creator has been a great success with critics and public.</p>
<p>Currently, as well as touring important stages, he trains artists in Alicia Márquez&#8217;s flamenco studio.</p>

<!-- This site is optimized with the Yoast SEO plugin v27.4 - https://yoast.com/product/yoast-seo-wordpress/ -->
<title>Ramón Martínez - La Casa del Flamenco</title>
<meta name="robots" content="index, follow, max-snippet:-1, max-image-preview:large, max-video-preview:-1" />
<link rel="canonical" href="https://lacasadelflamencosevilla.com/en/artista/ramon-martinez/" />
<meta property="og:locale" content="en_US" />
<meta property="og:type" content="article" />
<meta property="og:title" content="Ramón Martínez - La Casa del Flamenco" />
<meta property="og:description" content="A native of Malaga, he began his career in that city, where he graduated with honours from the Conservatorio Superior de Danza Española. Among his teachers are great figures, such as Matilde Coral, Manolo Marín and Eva la Yerbabuena. Throughout his long career he has received prestigious awards, most notably those obtained at the Concurso ... Read more" />
<meta property="og:url" content="https://lacasadelflamencosevilla.com/en/artista/ramon-martinez/" />
<meta property="og:site_name" content="La Casa del Flamenco" />
<meta property="article:publisher" content="https://www.facebook.com/LaCasaDelFlamenco" />
<meta property="article:modified_time" content="2020-06-03T14:56:57+00:00" />
<meta property="og:image" content="https://lacasadelflamencosevilla.com/wp-content/uploads/2020/04/Elenco_Ramon-Martinez_Grande.jpg" />
	<meta property="og:image:width" content="764" />
	<meta property="og:image:height" content="818" />
	<meta property="og:image:type" content="image/jpeg" />
<meta name="twitter:card" content="summary_large_image" />
<meta name="twitter:site" content="@CasadelFlamenco" />
<meta name="twitter:label1" content="Est. reading time" />
	<meta name="twitter:data1" content="1 minute" />
<script type="application/ld+json" class="yoast-schema-graph">{"@context":"https:\/\/schema.org","@graph":[{"@type":"WebPage","@id":"https:\/\/lacasadelflamencosevilla.com\/en\/artista\/ramon-martinez\/","url":"https:\/\/lacasadelflamencosevilla.com\/en\/artista\/ramon-martinez\/","name":"Ramón Martínez - La Casa del Flamenco","isPartOf":{"@id":"https:\/\/lacasadelflamencosevilla.com\/en\/#website"},"primaryImageOfPage":{"@id":"https:\/\/lacasadelflamencosevilla.com\/en\/artista\/ramon-martinez\/#primaryimage"},"image":{"@id":"https:\/\/lacasadelflamencosevilla.com\/en\/artista\/ramon-martinez\/#primaryimage"},"thumbnailUrl":"https:\/\/lacasadelflamencosevilla.com\/wp-content\/uploads\/2020\/04\/Elenco_Ramon-Martinez_Grande.jpg","datePublished":"2020-04-27T14:44:54+00:00","dateModified":"2020-06-03T14:56:57+00:00","breadcrumb":{"@id":"https:\/\/lacasadelflamencosevilla.com\/en\/artista\/ramon-martinez\/#breadcrumb"},"inLanguage":"en-US","potentialAction":[{"@type":"ReadAction","target":["https:\/\/lacasadelflamencosevilla.com\/en\/artista\/ramon-martinez\/"]}]},{"@type":"ImageObject","inLanguage":"en-US","@id":"https:\/\/lacasadelflamencosevilla.com\/en\/artista\/ramon-martinez\/#primaryimage","url":"https:\/\/lacasadelflamencosevilla.com\/wp-content\/uploads\/2020\/04\/Elenco_Ramon-Martinez_Grande.jpg","contentUrl":"https:\/\/lacasadelflamencosevilla.com\/wp-content\/uploads\/2020\/04\/Elenco_Ramon-Martinez_Grande.jpg","width":764,"height":818},{"@type":"BreadcrumbList","@id":"https:\/\/lacasadelflamencosevilla.com\/en\/artista\/ramon-martinez\/#breadcrumb","itemListElement":[{"@type":"ListItem","position":1,"name":"Portada","item":"https:\/\/lacasadelflamencosevilla.com\/en\/"},{"@type":"ListItem","position":2,"name":"Ramón Martínez"}]},{"@type":"WebSite","@id":"https:\/\/lacasadelflamencosevilla.com\/en\/#website","url":"https:\/\/lacasadelflamencosevilla.com\/en\/","name":"La Casa del Flamenco","description":"","publisher":{"@id":"https:\/\/lacasadelflamencosevilla.com\/en\/#organization"},"potentialAction":[{"@type":"SearchAction","target":{"@type":"EntryPoint","urlTemplate":"https:\/\/lacasadelflamencosevilla.com\/en\/?s={search_term_string}"},"query-input":{"@type":"PropertyValueSpecification","valueRequired":true,"valueName":"search_term_string"}}],"inLanguage":"en-US"},{"@type":"Organization","@id":"https:\/\/lacasadelflamencosevilla.com\/en\/#organization","name":"La Casa del Flamenco | Sevilla","alternateName":"La Casa del Flamenco","url":"https:\/\/lacasadelflamencosevilla.com\/en\/","logo":{"@type":"ImageObject","inLanguage":"en-US","@id":"https:\/\/lacasadelflamencosevilla.com\/en\/#\/schema\/logo\/image\/","url":"https:\/\/lacasadelflamencosevilla.com\/wp-content\/uploads\/2020\/04\/logo-la-casa-del-flamenco.png","contentUrl":"https:\/\/lacasadelflamencosevilla.com\/wp-content\/uploads\/2020\/04\/logo-la-casa-del-flamenco.png","width":134,"height":188,"caption":"La Casa del Flamenco | Sevilla"},"image":{"@id":"https:\/\/lacasadelflamencosevilla.com\/en\/#\/schema\/logo\/image\/"},"sameAs":["https:\/\/www.facebook.com\/LaCasaDelFlamenco","https:\/\/x.com\/CasadelFlamenco","https:\/\/www.instagram.com\/lacasadelflamenco"]}]}</script>
<!-- / Yoast SEO plugin. -->

Ramón Martínez - La Casa del Flamenco

A native of Malaga, he began his career in that city, where he graduated with honours from the Conservatorio Superior de Danza Española. Among his teachers are great figures, such as Matilde Coral, Manolo Marín and Eva la Yerbabuena. Throughout his long career he has received prestigious awards, most notably those obtained at the Concurso ... Read more
