{"id":3284,"date":"2020-05-13T11:47:25","date_gmt":"2020-05-13T11:47:25","guid":{"rendered":"https:\/\/lacasadelflamencosevilla.com\/artista\/eugenio-iglesias\/"},"modified":"2020-06-03T14:54:31","modified_gmt":"2020-06-03T14:54:31","slug":"eugenio-iglesias","status":"publish","type":"artista","link":"https:\/\/lacasadelflamencosevilla.com\/en\/artista\/eugenio-iglesias\/","title":{"rendered":"Eugenio Iglesias"},"content":{"rendered":"<p>He was born on March 1, 1968. He began his training with teachers like Mario Escudero and Julio Rodr\u00edguez, although it is by playing in the street that he learns the most, as well as from companions whom he admires, like the talented Miguel P\u00e9rez.<\/p>\n<p>Throughout his career, he has played for such dancers as Farruco, Jos\u00e9 Galv\u00e1n, Cristina Hoyos, Mario Maya, Manuela Carrasco, Angelita Vargas, Sara Baras, and Antonio Canales, among others.<\/p>\n<p>Among the cantaores he has accompanied are La Susi, Remedios Amaya, Chiquetete, and Juan Villar.<\/p>\n<p>Currently, he tours with the artists Argentina, To\u00f1i Fern\u00e1ndez, and Regina Garc\u00eda.<\/p>\n","protected":false},"featured_media":15919,"template":"","disciplina":[31],"class_list":["post-3284","artista","type-artista","status-publish","has-post-thumbnail","hentry","disciplina-guitar"],"acf":[],"yoast_head":"<!-- This site is optimized with the Yoast SEO plugin v27.4 - https:\/\/yoast.com\/product\/yoast-seo-wordpress\/ -->\n<title>Eugenio Iglesias - La Casa del Flamenco<\/title>\n<meta name=\"robots\" content=\"index, follow, max-snippet:-1, max-image-preview:large, max-video-preview:-1\" \/>\n<link rel=\"canonical\" href=\"https:\/\/lacasadelflamencosevilla.com\/en\/artista\/eugenio-iglesias\/\" \/>\n<meta property=\"og:locale\" content=\"en_US\" \/>\n<meta property=\"og:type\" content=\"article\" \/>\n<meta property=\"og:title\" content=\"Eugenio Iglesias - La Casa del Flamenco\" \/>\n<meta property=\"og:description\" content=\"He was born on March 1, 1968. He began his training with teachers like Mario Escudero and Julio Rodr\u00edguez, although it is by playing in the street that he learns the most, as well as from companions whom he admires, like the talented Miguel P\u00e9rez. Throughout his career, he has played for such dancers as ... Read more\" \/>\n<meta property=\"og:url\" content=\"https:\/\/lacasadelflamencosevilla.com\/en\/artista\/eugenio-iglesias\/\" \/>\n<meta property=\"og:site_name\" content=\"La Casa del Flamenco\" \/>\n<meta property=\"article:publisher\" content=\"https:\/\/www.facebook.com\/LaCasaDelFlamenco\" \/>\n<meta property=\"article:modified_time\" content=\"2020-06-03T14:54:31+00:00\" \/>\n<meta property=\"og:image\" content=\"https:\/\/lacasadelflamencosevilla.com\/wp-content\/uploads\/2020\/05\/Eugenio_Iglesias_guitarra_gitano_la_casa_del_flamenco_sevilla.jpg\" \/>\n\t<meta property=\"og:image:width\" content=\"764\" \/>\n\t<meta property=\"og:image:height\" content=\"818\" \/>\n\t<meta property=\"og:image:type\" content=\"image\/jpeg\" \/>\n<meta name=\"twitter:card\" content=\"summary_large_image\" \/>\n<meta name=\"twitter:site\" content=\"@CasadelFlamenco\" \/>\n<meta name=\"twitter:label1\" content=\"Est. reading time\" \/>\n\t<meta name=\"twitter:data1\" content=\"1 minute\" \/>\n<script type=\"application\/ld+json\" class=\"yoast-schema-graph\">{\"@context\":\"https:\\\/\\\/schema.org\",\"@graph\":[{\"@type\":\"WebPage\",\"@id\":\"https:\\\/\\\/lacasadelflamencosevilla.com\\\/en\\\/artista\\\/eugenio-iglesias\\\/\",\"url\":\"https:\\\/\\\/lacasadelflamencosevilla.com\\\/en\\\/artista\\\/eugenio-iglesias\\\/\",\"name\":\"Eugenio Iglesias - La Casa del Flamenco\",\"isPartOf\":{\"@id\":\"https:\\\/\\\/lacasadelflamencosevilla.com\\\/en\\\/#website\"},\"primaryImageOfPage\":{\"@id\":\"https:\\\/\\\/lacasadelflamencosevilla.com\\\/en\\\/artista\\\/eugenio-iglesias\\\/#primaryimage\"},\"image\":{\"@id\":\"https:\\\/\\\/lacasadelflamencosevilla.com\\\/en\\\/artista\\\/eugenio-iglesias\\\/#primaryimage\"},\"thumbnailUrl\":\"https:\\\/\\\/lacasadelflamencosevilla.com\\\/wp-content\\\/uploads\\\/2020\\\/05\\\/eugenio_iglesias_lacasadelflamencosevilla.jpg\",\"datePublished\":\"2020-05-13T11:47:25+00:00\",\"dateModified\":\"2020-06-03T14:54:31+00:00\",\"breadcrumb\":{\"@id\":\"https:\\\/\\\/lacasadelflamencosevilla.com\\\/en\\\/artista\\\/eugenio-iglesias\\\/#breadcrumb\"},\"inLanguage\":\"en-US\",\"potentialAction\":[{\"@type\":\"ReadAction\",\"target\":[\"https:\\\/\\\/lacasadelflamencosevilla.com\\\/en\\\/artista\\\/eugenio-iglesias\\\/\"]}]},{\"@type\":\"ImageObject\",\"inLanguage\":\"en-US\",\"@id\":\"https:\\\/\\\/lacasadelflamencosevilla.com\\\/en\\\/artista\\\/eugenio-iglesias\\\/#primaryimage\",\"url\":\"https:\\\/\\\/lacasadelflamencosevilla.com\\\/wp-content\\\/uploads\\\/2020\\\/05\\\/eugenio_iglesias_lacasadelflamencosevilla.jpg\",\"contentUrl\":\"https:\\\/\\\/lacasadelflamencosevilla.com\\\/wp-content\\\/uploads\\\/2020\\\/05\\\/eugenio_iglesias_lacasadelflamencosevilla.jpg\",\"width\":2560,\"height\":2560},{\"@type\":\"BreadcrumbList\",\"@id\":\"https:\\\/\\\/lacasadelflamencosevilla.com\\\/en\\\/artista\\\/eugenio-iglesias\\\/#breadcrumb\",\"itemListElement\":[{\"@type\":\"ListItem\",\"position\":1,\"name\":\"Portada\",\"item\":\"https:\\\/\\\/lacasadelflamencosevilla.com\\\/en\\\/\"},{\"@type\":\"ListItem\",\"position\":2,\"name\":\"Eugenio Iglesias\"}]},{\"@type\":\"WebSite\",\"@id\":\"https:\\\/\\\/lacasadelflamencosevilla.com\\\/en\\\/#website\",\"url\":\"https:\\\/\\\/lacasadelflamencosevilla.com\\\/en\\\/\",\"name\":\"La Casa del Flamenco\",\"description\":\"\",\"publisher\":{\"@id\":\"https:\\\/\\\/lacasadelflamencosevilla.com\\\/en\\\/#organization\"},\"potentialAction\":[{\"@type\":\"SearchAction\",\"target\":{\"@type\":\"EntryPoint\",\"urlTemplate\":\"https:\\\/\\\/lacasadelflamencosevilla.com\\\/en\\\/?s={search_term_string}\"},\"query-input\":{\"@type\":\"PropertyValueSpecification\",\"valueRequired\":true,\"valueName\":\"search_term_string\"}}],\"inLanguage\":\"en-US\"},{\"@type\":\"Organization\",\"@id\":\"https:\\\/\\\/lacasadelflamencosevilla.com\\\/en\\\/#organization\",\"name\":\"La Casa del Flamenco | Sevilla\",\"alternateName\":\"La Casa del Flamenco\",\"url\":\"https:\\\/\\\/lacasadelflamencosevilla.com\\\/en\\\/\",\"logo\":{\"@type\":\"ImageObject\",\"inLanguage\":\"en-US\",\"@id\":\"https:\\\/\\\/lacasadelflamencosevilla.com\\\/en\\\/#\\\/schema\\\/logo\\\/image\\\/\",\"url\":\"https:\\\/\\\/lacasadelflamencosevilla.com\\\/wp-content\\\/uploads\\\/2020\\\/04\\\/logo-la-casa-del-flamenco.png\",\"contentUrl\":\"https:\\\/\\\/lacasadelflamencosevilla.com\\\/wp-content\\\/uploads\\\/2020\\\/04\\\/logo-la-casa-del-flamenco.png\",\"width\":134,\"height\":188,\"caption\":\"La Casa del Flamenco | Sevilla\"},\"image\":{\"@id\":\"https:\\\/\\\/lacasadelflamencosevilla.com\\\/en\\\/#\\\/schema\\\/logo\\\/image\\\/\"},\"sameAs\":[\"https:\\\/\\\/www.facebook.com\\\/LaCasaDelFlamenco\",\"https:\\\/\\\/x.com\\\/CasadelFlamenco\",\"https:\\\/\\\/www.instagram.com\\\/lacasadelflamenco\"]}]}<\/script>\n<!-- \/ Yoast SEO plugin. -->","yoast_head_json":{"title":"Eugenio Iglesias - La Casa del Flamenco","robots":{"index":"index","follow":"follow","max-snippet":"max-snippet:-1","max-image-preview":"max-image-preview:large","max-video-preview":"max-video-preview:-1"},"canonical":"https:\/\/lacasadelflamencosevilla.com\/en\/artista\/eugenio-iglesias\/","og_locale":"en_US","og_type":"article","og_title":"Eugenio Iglesias - La Casa del Flamenco","og_description":"He was born on March 1, 1968. He began his training with teachers like Mario Escudero and Julio Rodr\u00edguez, although it is by playing in the street that he learns the most, as well as from companions whom he admires, like the talented Miguel P\u00e9rez. Throughout his career, he has played for such dancers as ... Read more","og_url":"https:\/\/lacasadelflamencosevilla.com\/en\/artista\/eugenio-iglesias\/","og_site_name":"La Casa del Flamenco","article_publisher":"https:\/\/www.facebook.com\/LaCasaDelFlamenco","article_modified_time":"2020-06-03T14:54:31+00:00","og_image":[{"width":764,"height":818,"url":"https:\/\/lacasadelflamencosevilla.com\/wp-content\/uploads\/2020\/05\/Eugenio_Iglesias_guitarra_gitano_la_casa_del_flamenco_sevilla.jpg","type":"image\/jpeg"}],"twitter_card":"summary_large_image","twitter_site":"@CasadelFlamenco","twitter_misc":{"Est. reading time":"1 minute"},"schema":{"@context":"https:\/\/schema.org","@graph":[{"@type":"WebPage","@id":"https:\/\/lacasadelflamencosevilla.com\/en\/artista\/eugenio-iglesias\/","url":"https:\/\/lacasadelflamencosevilla.com\/en\/artista\/eugenio-iglesias\/","name":"Eugenio Iglesias - La Casa del Flamenco","isPartOf":{"@id":"https:\/\/lacasadelflamencosevilla.com\/en\/#website"},"primaryImageOfPage":{"@id":"https:\/\/lacasadelflamencosevilla.com\/en\/artista\/eugenio-iglesias\/#primaryimage"},"image":{"@id":"https:\/\/lacasadelflamencosevilla.com\/en\/artista\/eugenio-iglesias\/#primaryimage"},"thumbnailUrl":"https:\/\/lacasadelflamencosevilla.com\/wp-content\/uploads\/2020\/05\/eugenio_iglesias_lacasadelflamencosevilla.jpg","datePublished":"2020-05-13T11:47:25+00:00","dateModified":"2020-06-03T14:54:31+00:00","breadcrumb":{"@id":"https:\/\/lacasadelflamencosevilla.com\/en\/artista\/eugenio-iglesias\/#breadcrumb"},"inLanguage":"en-US","potentialAction":[{"@type":"ReadAction","target":["https:\/\/lacasadelflamencosevilla.com\/en\/artista\/eugenio-iglesias\/"]}]},{"@type":"ImageObject","inLanguage":"en-US","@id":"https:\/\/lacasadelflamencosevilla.com\/en\/artista\/eugenio-iglesias\/#primaryimage","url":"https:\/\/lacasadelflamencosevilla.com\/wp-content\/uploads\/2020\/05\/eugenio_iglesias_lacasadelflamencosevilla.jpg","contentUrl":"https:\/\/lacasadelflamencosevilla.com\/wp-content\/uploads\/2020\/05\/eugenio_iglesias_lacasadelflamencosevilla.jpg","width":2560,"height":2560},{"@type":"BreadcrumbList","@id":"https:\/\/lacasadelflamencosevilla.com\/en\/artista\/eugenio-iglesias\/#breadcrumb","itemListElement":[{"@type":"ListItem","position":1,"name":"Portada","item":"https:\/\/lacasadelflamencosevilla.com\/en\/"},{"@type":"ListItem","position":2,"name":"Eugenio Iglesias"}]},{"@type":"WebSite","@id":"https:\/\/lacasadelflamencosevilla.com\/en\/#website","url":"https:\/\/lacasadelflamencosevilla.com\/en\/","name":"La Casa del Flamenco","description":"","publisher":{"@id":"https:\/\/lacasadelflamencosevilla.com\/en\/#organization"},"potentialAction":[{"@type":"SearchAction","target":{"@type":"EntryPoint","urlTemplate":"https:\/\/lacasadelflamencosevilla.com\/en\/?s={search_term_string}"},"query-input":{"@type":"PropertyValueSpecification","valueRequired":true,"valueName":"search_term_string"}}],"inLanguage":"en-US"},{"@type":"Organization","@id":"https:\/\/lacasadelflamencosevilla.com\/en\/#organization","name":"La Casa del Flamenco | Sevilla","alternateName":"La Casa del Flamenco","url":"https:\/\/lacasadelflamencosevilla.com\/en\/","logo":{"@type":"ImageObject","inLanguage":"en-US","@id":"https:\/\/lacasadelflamencosevilla.com\/en\/#\/schema\/logo\/image\/","url":"https:\/\/lacasadelflamencosevilla.com\/wp-content\/uploads\/2020\/04\/logo-la-casa-del-flamenco.png","contentUrl":"https:\/\/lacasadelflamencosevilla.com\/wp-content\/uploads\/2020\/04\/logo-la-casa-del-flamenco.png","width":134,"height":188,"caption":"La Casa del Flamenco | Sevilla"},"image":{"@id":"https:\/\/lacasadelflamencosevilla.com\/en\/#\/schema\/logo\/image\/"},"sameAs":["https:\/\/www.facebook.com\/LaCasaDelFlamenco","https:\/\/x.com\/CasadelFlamenco","https:\/\/www.instagram.com\/lacasadelflamenco"]}]}},"_links":{"self":[{"href":"https:\/\/lacasadelflamencosevilla.com\/en\/wp-json\/wp\/v2\/artista\/3284","targetHints":{"allow":["GET"]}}],"collection":[{"href":"https:\/\/lacasadelflamencosevilla.com\/en\/wp-json\/wp\/v2\/artista"}],"about":[{"href":"https:\/\/lacasadelflamencosevilla.com\/en\/wp-json\/wp\/v2\/types\/artista"}],"wp:featuredmedia":[{"embeddable":true,"href":"https:\/\/lacasadelflamencosevilla.com\/en\/wp-json\/wp\/v2\/media\/15919"}],"wp:attachment":[{"href":"https:\/\/lacasadelflamencosevilla.com\/en\/wp-json\/wp\/v2\/media?parent=3284"}],"wp:term":[{"taxonomy":"disciplina","embeddable":true,"href":"https:\/\/lacasadelflamencosevilla.com\/en\/wp-json\/wp\/v2\/disciplina?post=3284"}],"curies":[{"name":"wp","href":"https:\/\/api.w.org\/{rel}","templated":true}]}}

<p>He was born on March 1, 1968. He began his training with teachers like Mario Escudero and Julio Rodríguez, although it is by playing in the street that he learns the most, as well as from companions whom he admires, like the talented Miguel Pérez.</p>
<p>Throughout his career, he has played for such dancers as Farruco, José Galván, Cristina Hoyos, Mario Maya, Manuela Carrasco, Angelita Vargas, Sara Baras, and Antonio Canales, among others.</p>
<p>Among the cantaores he has accompanied are La Susi, Remedios Amaya, Chiquetete, and Juan Villar.</p>
<p>Currently, he tours with the artists Argentina, Toñi Fernández, and Regina García.</p>

<!-- This site is optimized with the Yoast SEO plugin v27.4 - https://yoast.com/product/yoast-seo-wordpress/ -->
<title>Eugenio Iglesias - La Casa del Flamenco</title>
<meta name="robots" content="index, follow, max-snippet:-1, max-image-preview:large, max-video-preview:-1" />
<link rel="canonical" href="https://lacasadelflamencosevilla.com/en/artista/eugenio-iglesias/" />
<meta property="og:locale" content="en_US" />
<meta property="og:type" content="article" />
<meta property="og:title" content="Eugenio Iglesias - La Casa del Flamenco" />
<meta property="og:description" content="He was born on March 1, 1968. He began his training with teachers like Mario Escudero and Julio Rodríguez, although it is by playing in the street that he learns the most, as well as from companions whom he admires, like the talented Miguel Pérez. Throughout his career, he has played for such dancers as ... Read more" />
<meta property="og:url" content="https://lacasadelflamencosevilla.com/en/artista/eugenio-iglesias/" />
<meta property="og:site_name" content="La Casa del Flamenco" />
<meta property="article:publisher" content="https://www.facebook.com/LaCasaDelFlamenco" />
<meta property="article:modified_time" content="2020-06-03T14:54:31+00:00" />
<meta property="og:image" content="https://lacasadelflamencosevilla.com/wp-content/uploads/2020/05/Eugenio_Iglesias_guitarra_gitano_la_casa_del_flamenco_sevilla.jpg" />
	<meta property="og:image:width" content="764" />
	<meta property="og:image:height" content="818" />
	<meta property="og:image:type" content="image/jpeg" />
<meta name="twitter:card" content="summary_large_image" />
<meta name="twitter:site" content="@CasadelFlamenco" />
<meta name="twitter:label1" content="Est. reading time" />
	<meta name="twitter:data1" content="1 minute" />
<script type="application/ld+json" class="yoast-schema-graph">{"@context":"https:\/\/schema.org","@graph":[{"@type":"WebPage","@id":"https:\/\/lacasadelflamencosevilla.com\/en\/artista\/eugenio-iglesias\/","url":"https:\/\/lacasadelflamencosevilla.com\/en\/artista\/eugenio-iglesias\/","name":"Eugenio Iglesias - La Casa del Flamenco","isPartOf":{"@id":"https:\/\/lacasadelflamencosevilla.com\/en\/#website"},"primaryImageOfPage":{"@id":"https:\/\/lacasadelflamencosevilla.com\/en\/artista\/eugenio-iglesias\/#primaryimage"},"image":{"@id":"https:\/\/lacasadelflamencosevilla.com\/en\/artista\/eugenio-iglesias\/#primaryimage"},"thumbnailUrl":"https:\/\/lacasadelflamencosevilla.com\/wp-content\/uploads\/2020\/05\/eugenio_iglesias_lacasadelflamencosevilla.jpg","datePublished":"2020-05-13T11:47:25+00:00","dateModified":"2020-06-03T14:54:31+00:00","breadcrumb":{"@id":"https:\/\/lacasadelflamencosevilla.com\/en\/artista\/eugenio-iglesias\/#breadcrumb"},"inLanguage":"en-US","potentialAction":[{"@type":"ReadAction","target":["https:\/\/lacasadelflamencosevilla.com\/en\/artista\/eugenio-iglesias\/"]}]},{"@type":"ImageObject","inLanguage":"en-US","@id":"https:\/\/lacasadelflamencosevilla.com\/en\/artista\/eugenio-iglesias\/#primaryimage","url":"https:\/\/lacasadelflamencosevilla.com\/wp-content\/uploads\/2020\/05\/eugenio_iglesias_lacasadelflamencosevilla.jpg","contentUrl":"https:\/\/lacasadelflamencosevilla.com\/wp-content\/uploads\/2020\/05\/eugenio_iglesias_lacasadelflamencosevilla.jpg","width":2560,"height":2560},{"@type":"BreadcrumbList","@id":"https:\/\/lacasadelflamencosevilla.com\/en\/artista\/eugenio-iglesias\/#breadcrumb","itemListElement":[{"@type":"ListItem","position":1,"name":"Portada","item":"https:\/\/lacasadelflamencosevilla.com\/en\/"},{"@type":"ListItem","position":2,"name":"Eugenio Iglesias"}]},{"@type":"WebSite","@id":"https:\/\/lacasadelflamencosevilla.com\/en\/#website","url":"https:\/\/lacasadelflamencosevilla.com\/en\/","name":"La Casa del Flamenco","description":"","publisher":{"@id":"https:\/\/lacasadelflamencosevilla.com\/en\/#organization"},"potentialAction":[{"@type":"SearchAction","target":{"@type":"EntryPoint","urlTemplate":"https:\/\/lacasadelflamencosevilla.com\/en\/?s={search_term_string}"},"query-input":{"@type":"PropertyValueSpecification","valueRequired":true,"valueName":"search_term_string"}}],"inLanguage":"en-US"},{"@type":"Organization","@id":"https:\/\/lacasadelflamencosevilla.com\/en\/#organization","name":"La Casa del Flamenco | Sevilla","alternateName":"La Casa del Flamenco","url":"https:\/\/lacasadelflamencosevilla.com\/en\/","logo":{"@type":"ImageObject","inLanguage":"en-US","@id":"https:\/\/lacasadelflamencosevilla.com\/en\/#\/schema\/logo\/image\/","url":"https:\/\/lacasadelflamencosevilla.com\/wp-content\/uploads\/2020\/04\/logo-la-casa-del-flamenco.png","contentUrl":"https:\/\/lacasadelflamencosevilla.com\/wp-content\/uploads\/2020\/04\/logo-la-casa-del-flamenco.png","width":134,"height":188,"caption":"La Casa del Flamenco | Sevilla"},"image":{"@id":"https:\/\/lacasadelflamencosevilla.com\/en\/#\/schema\/logo\/image\/"},"sameAs":["https:\/\/www.facebook.com\/LaCasaDelFlamenco","https:\/\/x.com\/CasadelFlamenco","https:\/\/www.instagram.com\/lacasadelflamenco"]}]}</script>
<!-- / Yoast SEO plugin. -->

He was born on March 1, 1968. He began his training with teachers like Mario Escudero and Julio Rodríguez, although it is by playing in the street that he learns the most, as well as from companions whom he admires, like the talented Miguel Pérez. Throughout his career, he has played for such dancers as ... Read more
