{"id":3280,"date":"2020-05-13T11:49:11","date_gmt":"2020-05-13T11:49:11","guid":{"rendered":"https:\/\/lacasadelflamencosevilla.com\/artista\/cristina-tovar\/"},"modified":"2022-07-25T16:18:42","modified_gmt":"2022-07-25T14:18:42","slug":"cristina-tovar","status":"publish","type":"artista","link":"https:\/\/lacasadelflamencosevilla.com\/en\/artista\/cristina-tovar\/","title":{"rendered":"Cristina Tovar"},"content":{"rendered":"<p>Born in Seville, she began her studies there in the professional Conservatory of Dance. Her training led her in 2006 to appear in Mar\u00eda Pag\u00e9s&#8217; show &#8220;Sevilla&#8221; in the Maestranza Theatre of Seville.<\/p>\n<p>In 2008 she decided to train in flamenco singing in the Cristina Heeren Foundation, taking classes with outstanding singers, such as Jos\u00e9 de la Tomasa and Arc\u00e1ngel. In the following year she joined Salvador T\u00e1vora&#8217;s Company with the show &#8220;Carmen&#8221;, touring the best stages in Spain.<\/p>\n<p>Of note are her numerous recitals in flamenco clubs, such as La Fragua, El Cerro del \u00c1guila, and Torres Macarena. At the same time, she has participated in flamenco festivals, such as those in Carmona, Estepa, and the &#8220;Noche Larga de los Museos&#8221; in the Museum of Arts and Customs, and has collaborated on recordings produced by the guitarist Pedro Sierra.<\/p>\n<p>On the other hand, she has participated in the series \u201cFlamenco Viene del Sur\u201d: Women born for flamenco, which was organized by The Andalusian Flamenco Institute, and in \u201cmi\u00e9rcoles a comp\u00e1s\u201d, a series which was exhibited in the Andalusian Center of Contemporary art in the Monasterio de la Cartuja (Sevilla).<\/p>\n<p>Among the prizes she has received, standing out is her first prize in the &#8220;J\u00f3venes Flamencos&#8221; competition from the &#8220;federaci\u00f3n provincial de entidades flamencas&#8221;, and the first prize in Group III of Cantes Bajo Andaluces in the Festival de las Minas.<\/p>\n","protected":false},"featured_media":2459,"template":"","disciplina":[29],"class_list":["post-3280","artista","type-artista","status-publish","has-post-thumbnail","hentry","disciplina-singing"],"acf":[],"yoast_head":"<!-- This site is optimized with the Yoast SEO plugin v27.4 - https:\/\/yoast.com\/product\/yoast-seo-wordpress\/ -->\n<title>Cristina Tovar - La Casa del Flamenco<\/title>\n<meta name=\"robots\" content=\"index, follow, max-snippet:-1, max-image-preview:large, max-video-preview:-1\" \/>\n<link rel=\"canonical\" href=\"https:\/\/lacasadelflamencosevilla.com\/en\/artista\/cristina-tovar\/\" \/>\n<meta property=\"og:locale\" content=\"en_US\" \/>\n<meta property=\"og:type\" content=\"article\" \/>\n<meta property=\"og:title\" content=\"Cristina Tovar - La Casa del Flamenco\" \/>\n<meta property=\"og:description\" content=\"Born in Seville, she began her studies there in the professional Conservatory of Dance. Her training led her in 2006 to appear in Mar\u00eda Pag\u00e9s&#8217; show &#8220;Sevilla&#8221; in the Maestranza Theatre of Seville. In 2008 she decided to train in flamenco singing in the Cristina Heeren Foundation, taking classes with outstanding singers, such as Jos\u00e9 ... Read more\" \/>\n<meta property=\"og:url\" content=\"https:\/\/lacasadelflamencosevilla.com\/en\/artista\/cristina-tovar\/\" \/>\n<meta property=\"og:site_name\" content=\"La Casa del Flamenco\" \/>\n<meta property=\"article:publisher\" content=\"https:\/\/www.facebook.com\/LaCasaDelFlamenco\" \/>\n<meta property=\"article:modified_time\" content=\"2022-07-25T14:18:42+00:00\" \/>\n<meta property=\"og:image\" content=\"https:\/\/lacasadelflamencosevilla.com\/wp-content\/uploads\/2020\/04\/Elenco_Cristina-Tovar_Grande-1.jpg\" \/>\n\t<meta property=\"og:image:width\" content=\"764\" \/>\n\t<meta property=\"og:image:height\" content=\"818\" \/>\n\t<meta property=\"og:image:type\" content=\"image\/jpeg\" \/>\n<meta name=\"twitter:card\" content=\"summary_large_image\" \/>\n<meta name=\"twitter:site\" content=\"@CasadelFlamenco\" \/>\n<meta name=\"twitter:label1\" content=\"Est. reading time\" \/>\n\t<meta name=\"twitter:data1\" content=\"1 minute\" \/>\n<script type=\"application\/ld+json\" class=\"yoast-schema-graph\">{\"@context\":\"https:\\\/\\\/schema.org\",\"@graph\":[{\"@type\":\"WebPage\",\"@id\":\"https:\\\/\\\/lacasadelflamencosevilla.com\\\/en\\\/artista\\\/cristina-tovar\\\/\",\"url\":\"https:\\\/\\\/lacasadelflamencosevilla.com\\\/en\\\/artista\\\/cristina-tovar\\\/\",\"name\":\"Cristina Tovar - La Casa del Flamenco\",\"isPartOf\":{\"@id\":\"https:\\\/\\\/lacasadelflamencosevilla.com\\\/en\\\/#website\"},\"primaryImageOfPage\":{\"@id\":\"https:\\\/\\\/lacasadelflamencosevilla.com\\\/en\\\/artista\\\/cristina-tovar\\\/#primaryimage\"},\"image\":{\"@id\":\"https:\\\/\\\/lacasadelflamencosevilla.com\\\/en\\\/artista\\\/cristina-tovar\\\/#primaryimage\"},\"thumbnailUrl\":\"https:\\\/\\\/lacasadelflamencosevilla.com\\\/wp-content\\\/uploads\\\/2020\\\/04\\\/Elenco_Cristina-Tovar_Grande-1.jpg\",\"datePublished\":\"2020-05-13T11:49:11+00:00\",\"dateModified\":\"2022-07-25T14:18:42+00:00\",\"breadcrumb\":{\"@id\":\"https:\\\/\\\/lacasadelflamencosevilla.com\\\/en\\\/artista\\\/cristina-tovar\\\/#breadcrumb\"},\"inLanguage\":\"en-US\",\"potentialAction\":[{\"@type\":\"ReadAction\",\"target\":[\"https:\\\/\\\/lacasadelflamencosevilla.com\\\/en\\\/artista\\\/cristina-tovar\\\/\"]}]},{\"@type\":\"ImageObject\",\"inLanguage\":\"en-US\",\"@id\":\"https:\\\/\\\/lacasadelflamencosevilla.com\\\/en\\\/artista\\\/cristina-tovar\\\/#primaryimage\",\"url\":\"https:\\\/\\\/lacasadelflamencosevilla.com\\\/wp-content\\\/uploads\\\/2020\\\/04\\\/Elenco_Cristina-Tovar_Grande-1.jpg\",\"contentUrl\":\"https:\\\/\\\/lacasadelflamencosevilla.com\\\/wp-content\\\/uploads\\\/2020\\\/04\\\/Elenco_Cristina-Tovar_Grande-1.jpg\",\"width\":764,\"height\":818},{\"@type\":\"BreadcrumbList\",\"@id\":\"https:\\\/\\\/lacasadelflamencosevilla.com\\\/en\\\/artista\\\/cristina-tovar\\\/#breadcrumb\",\"itemListElement\":[{\"@type\":\"ListItem\",\"position\":1,\"name\":\"Portada\",\"item\":\"https:\\\/\\\/lacasadelflamencosevilla.com\\\/en\\\/\"},{\"@type\":\"ListItem\",\"position\":2,\"name\":\"Cristina Tovar\"}]},{\"@type\":\"WebSite\",\"@id\":\"https:\\\/\\\/lacasadelflamencosevilla.com\\\/en\\\/#website\",\"url\":\"https:\\\/\\\/lacasadelflamencosevilla.com\\\/en\\\/\",\"name\":\"La Casa del Flamenco\",\"description\":\"\",\"publisher\":{\"@id\":\"https:\\\/\\\/lacasadelflamencosevilla.com\\\/en\\\/#organization\"},\"potentialAction\":[{\"@type\":\"SearchAction\",\"target\":{\"@type\":\"EntryPoint\",\"urlTemplate\":\"https:\\\/\\\/lacasadelflamencosevilla.com\\\/en\\\/?s={search_term_string}\"},\"query-input\":{\"@type\":\"PropertyValueSpecification\",\"valueRequired\":true,\"valueName\":\"search_term_string\"}}],\"inLanguage\":\"en-US\"},{\"@type\":\"Organization\",\"@id\":\"https:\\\/\\\/lacasadelflamencosevilla.com\\\/en\\\/#organization\",\"name\":\"La Casa del Flamenco | Sevilla\",\"alternateName\":\"La Casa del Flamenco\",\"url\":\"https:\\\/\\\/lacasadelflamencosevilla.com\\\/en\\\/\",\"logo\":{\"@type\":\"ImageObject\",\"inLanguage\":\"en-US\",\"@id\":\"https:\\\/\\\/lacasadelflamencosevilla.com\\\/en\\\/#\\\/schema\\\/logo\\\/image\\\/\",\"url\":\"https:\\\/\\\/lacasadelflamencosevilla.com\\\/wp-content\\\/uploads\\\/2020\\\/04\\\/logo-la-casa-del-flamenco.png\",\"contentUrl\":\"https:\\\/\\\/lacasadelflamencosevilla.com\\\/wp-content\\\/uploads\\\/2020\\\/04\\\/logo-la-casa-del-flamenco.png\",\"width\":134,\"height\":188,\"caption\":\"La Casa del Flamenco | Sevilla\"},\"image\":{\"@id\":\"https:\\\/\\\/lacasadelflamencosevilla.com\\\/en\\\/#\\\/schema\\\/logo\\\/image\\\/\"},\"sameAs\":[\"https:\\\/\\\/www.facebook.com\\\/LaCasaDelFlamenco\",\"https:\\\/\\\/x.com\\\/CasadelFlamenco\",\"https:\\\/\\\/www.instagram.com\\\/lacasadelflamenco\"]}]}<\/script>\n<!-- \/ Yoast SEO plugin. -->","yoast_head_json":{"title":"Cristina Tovar - La Casa del Flamenco","robots":{"index":"index","follow":"follow","max-snippet":"max-snippet:-1","max-image-preview":"max-image-preview:large","max-video-preview":"max-video-preview:-1"},"canonical":"https:\/\/lacasadelflamencosevilla.com\/en\/artista\/cristina-tovar\/","og_locale":"en_US","og_type":"article","og_title":"Cristina Tovar - La Casa del Flamenco","og_description":"Born in Seville, she began her studies there in the professional Conservatory of Dance. Her training led her in 2006 to appear in Mar\u00eda Pag\u00e9s&#8217; show &#8220;Sevilla&#8221; in the Maestranza Theatre of Seville. In 2008 she decided to train in flamenco singing in the Cristina Heeren Foundation, taking classes with outstanding singers, such as Jos\u00e9 ... Read more","og_url":"https:\/\/lacasadelflamencosevilla.com\/en\/artista\/cristina-tovar\/","og_site_name":"La Casa del Flamenco","article_publisher":"https:\/\/www.facebook.com\/LaCasaDelFlamenco","article_modified_time":"2022-07-25T14:18:42+00:00","og_image":[{"width":764,"height":818,"url":"https:\/\/lacasadelflamencosevilla.com\/wp-content\/uploads\/2020\/04\/Elenco_Cristina-Tovar_Grande-1.jpg","type":"image\/jpeg"}],"twitter_card":"summary_large_image","twitter_site":"@CasadelFlamenco","twitter_misc":{"Est. reading time":"1 minute"},"schema":{"@context":"https:\/\/schema.org","@graph":[{"@type":"WebPage","@id":"https:\/\/lacasadelflamencosevilla.com\/en\/artista\/cristina-tovar\/","url":"https:\/\/lacasadelflamencosevilla.com\/en\/artista\/cristina-tovar\/","name":"Cristina Tovar - La Casa del Flamenco","isPartOf":{"@id":"https:\/\/lacasadelflamencosevilla.com\/en\/#website"},"primaryImageOfPage":{"@id":"https:\/\/lacasadelflamencosevilla.com\/en\/artista\/cristina-tovar\/#primaryimage"},"image":{"@id":"https:\/\/lacasadelflamencosevilla.com\/en\/artista\/cristina-tovar\/#primaryimage"},"thumbnailUrl":"https:\/\/lacasadelflamencosevilla.com\/wp-content\/uploads\/2020\/04\/Elenco_Cristina-Tovar_Grande-1.jpg","datePublished":"2020-05-13T11:49:11+00:00","dateModified":"2022-07-25T14:18:42+00:00","breadcrumb":{"@id":"https:\/\/lacasadelflamencosevilla.com\/en\/artista\/cristina-tovar\/#breadcrumb"},"inLanguage":"en-US","potentialAction":[{"@type":"ReadAction","target":["https:\/\/lacasadelflamencosevilla.com\/en\/artista\/cristina-tovar\/"]}]},{"@type":"ImageObject","inLanguage":"en-US","@id":"https:\/\/lacasadelflamencosevilla.com\/en\/artista\/cristina-tovar\/#primaryimage","url":"https:\/\/lacasadelflamencosevilla.com\/wp-content\/uploads\/2020\/04\/Elenco_Cristina-Tovar_Grande-1.jpg","contentUrl":"https:\/\/lacasadelflamencosevilla.com\/wp-content\/uploads\/2020\/04\/Elenco_Cristina-Tovar_Grande-1.jpg","width":764,"height":818},{"@type":"BreadcrumbList","@id":"https:\/\/lacasadelflamencosevilla.com\/en\/artista\/cristina-tovar\/#breadcrumb","itemListElement":[{"@type":"ListItem","position":1,"name":"Portada","item":"https:\/\/lacasadelflamencosevilla.com\/en\/"},{"@type":"ListItem","position":2,"name":"Cristina Tovar"}]},{"@type":"WebSite","@id":"https:\/\/lacasadelflamencosevilla.com\/en\/#website","url":"https:\/\/lacasadelflamencosevilla.com\/en\/","name":"La Casa del Flamenco","description":"","publisher":{"@id":"https:\/\/lacasadelflamencosevilla.com\/en\/#organization"},"potentialAction":[{"@type":"SearchAction","target":{"@type":"EntryPoint","urlTemplate":"https:\/\/lacasadelflamencosevilla.com\/en\/?s={search_term_string}"},"query-input":{"@type":"PropertyValueSpecification","valueRequired":true,"valueName":"search_term_string"}}],"inLanguage":"en-US"},{"@type":"Organization","@id":"https:\/\/lacasadelflamencosevilla.com\/en\/#organization","name":"La Casa del Flamenco | Sevilla","alternateName":"La Casa del Flamenco","url":"https:\/\/lacasadelflamencosevilla.com\/en\/","logo":{"@type":"ImageObject","inLanguage":"en-US","@id":"https:\/\/lacasadelflamencosevilla.com\/en\/#\/schema\/logo\/image\/","url":"https:\/\/lacasadelflamencosevilla.com\/wp-content\/uploads\/2020\/04\/logo-la-casa-del-flamenco.png","contentUrl":"https:\/\/lacasadelflamencosevilla.com\/wp-content\/uploads\/2020\/04\/logo-la-casa-del-flamenco.png","width":134,"height":188,"caption":"La Casa del Flamenco | Sevilla"},"image":{"@id":"https:\/\/lacasadelflamencosevilla.com\/en\/#\/schema\/logo\/image\/"},"sameAs":["https:\/\/www.facebook.com\/LaCasaDelFlamenco","https:\/\/x.com\/CasadelFlamenco","https:\/\/www.instagram.com\/lacasadelflamenco"]}]}},"_links":{"self":[{"href":"https:\/\/lacasadelflamencosevilla.com\/en\/wp-json\/wp\/v2\/artista\/3280","targetHints":{"allow":["GET"]}}],"collection":[{"href":"https:\/\/lacasadelflamencosevilla.com\/en\/wp-json\/wp\/v2\/artista"}],"about":[{"href":"https:\/\/lacasadelflamencosevilla.com\/en\/wp-json\/wp\/v2\/types\/artista"}],"wp:featuredmedia":[{"embeddable":true,"href":"https:\/\/lacasadelflamencosevilla.com\/en\/wp-json\/wp\/v2\/media\/2459"}],"wp:attachment":[{"href":"https:\/\/lacasadelflamencosevilla.com\/en\/wp-json\/wp\/v2\/media?parent=3280"}],"wp:term":[{"taxonomy":"disciplina","embeddable":true,"href":"https:\/\/lacasadelflamencosevilla.com\/en\/wp-json\/wp\/v2\/disciplina?post=3280"}],"curies":[{"name":"wp","href":"https:\/\/api.w.org\/{rel}","templated":true}]}}

<p>Born in Seville, she began her studies there in the professional Conservatory of Dance. Her training led her in 2006 to appear in María Pagés&#8217; show &#8220;Sevilla&#8221; in the Maestranza Theatre of Seville.</p>
<p>In 2008 she decided to train in flamenco singing in the Cristina Heeren Foundation, taking classes with outstanding singers, such as José de la Tomasa and Arcángel. In the following year she joined Salvador Távora&#8217;s Company with the show &#8220;Carmen&#8221;, touring the best stages in Spain.</p>
<p>Of note are her numerous recitals in flamenco clubs, such as La Fragua, El Cerro del Águila, and Torres Macarena. At the same time, she has participated in flamenco festivals, such as those in Carmona, Estepa, and the &#8220;Noche Larga de los Museos&#8221; in the Museum of Arts and Customs, and has collaborated on recordings produced by the guitarist Pedro Sierra.</p>
<p>On the other hand, she has participated in the series “Flamenco Viene del Sur”: Women born for flamenco, which was organized by The Andalusian Flamenco Institute, and in “miércoles a compás”, a series which was exhibited in the Andalusian Center of Contemporary art in the Monasterio de la Cartuja (Sevilla).</p>
<p>Among the prizes she has received, standing out is her first prize in the &#8220;Jóvenes Flamencos&#8221; competition from the &#8220;federación provincial de entidades flamencas&#8221;, and the first prize in Group III of Cantes Bajo Andaluces in the Festival de las Minas.</p>

<!-- This site is optimized with the Yoast SEO plugin v27.4 - https://yoast.com/product/yoast-seo-wordpress/ -->
<title>Cristina Tovar - La Casa del Flamenco</title>
<meta name="robots" content="index, follow, max-snippet:-1, max-image-preview:large, max-video-preview:-1" />
<link rel="canonical" href="https://lacasadelflamencosevilla.com/en/artista/cristina-tovar/" />
<meta property="og:locale" content="en_US" />
<meta property="og:type" content="article" />
<meta property="og:title" content="Cristina Tovar - La Casa del Flamenco" />
<meta property="og:description" content="Born in Seville, she began her studies there in the professional Conservatory of Dance. Her training led her in 2006 to appear in María Pagés&#8217; show &#8220;Sevilla&#8221; in the Maestranza Theatre of Seville. In 2008 she decided to train in flamenco singing in the Cristina Heeren Foundation, taking classes with outstanding singers, such as José ... Read more" />
<meta property="og:url" content="https://lacasadelflamencosevilla.com/en/artista/cristina-tovar/" />
<meta property="og:site_name" content="La Casa del Flamenco" />
<meta property="article:publisher" content="https://www.facebook.com/LaCasaDelFlamenco" />
<meta property="article:modified_time" content="2022-07-25T14:18:42+00:00" />
<meta property="og:image" content="https://lacasadelflamencosevilla.com/wp-content/uploads/2020/04/Elenco_Cristina-Tovar_Grande-1.jpg" />
	<meta property="og:image:width" content="764" />
	<meta property="og:image:height" content="818" />
	<meta property="og:image:type" content="image/jpeg" />
<meta name="twitter:card" content="summary_large_image" />
<meta name="twitter:site" content="@CasadelFlamenco" />
<meta name="twitter:label1" content="Est. reading time" />
	<meta name="twitter:data1" content="1 minute" />
<script type="application/ld+json" class="yoast-schema-graph">{"@context":"https:\/\/schema.org","@graph":[{"@type":"WebPage","@id":"https:\/\/lacasadelflamencosevilla.com\/en\/artista\/cristina-tovar\/","url":"https:\/\/lacasadelflamencosevilla.com\/en\/artista\/cristina-tovar\/","name":"Cristina Tovar - La Casa del Flamenco","isPartOf":{"@id":"https:\/\/lacasadelflamencosevilla.com\/en\/#website"},"primaryImageOfPage":{"@id":"https:\/\/lacasadelflamencosevilla.com\/en\/artista\/cristina-tovar\/#primaryimage"},"image":{"@id":"https:\/\/lacasadelflamencosevilla.com\/en\/artista\/cristina-tovar\/#primaryimage"},"thumbnailUrl":"https:\/\/lacasadelflamencosevilla.com\/wp-content\/uploads\/2020\/04\/Elenco_Cristina-Tovar_Grande-1.jpg","datePublished":"2020-05-13T11:49:11+00:00","dateModified":"2022-07-25T14:18:42+00:00","breadcrumb":{"@id":"https:\/\/lacasadelflamencosevilla.com\/en\/artista\/cristina-tovar\/#breadcrumb"},"inLanguage":"en-US","potentialAction":[{"@type":"ReadAction","target":["https:\/\/lacasadelflamencosevilla.com\/en\/artista\/cristina-tovar\/"]}]},{"@type":"ImageObject","inLanguage":"en-US","@id":"https:\/\/lacasadelflamencosevilla.com\/en\/artista\/cristina-tovar\/#primaryimage","url":"https:\/\/lacasadelflamencosevilla.com\/wp-content\/uploads\/2020\/04\/Elenco_Cristina-Tovar_Grande-1.jpg","contentUrl":"https:\/\/lacasadelflamencosevilla.com\/wp-content\/uploads\/2020\/04\/Elenco_Cristina-Tovar_Grande-1.jpg","width":764,"height":818},{"@type":"BreadcrumbList","@id":"https:\/\/lacasadelflamencosevilla.com\/en\/artista\/cristina-tovar\/#breadcrumb","itemListElement":[{"@type":"ListItem","position":1,"name":"Portada","item":"https:\/\/lacasadelflamencosevilla.com\/en\/"},{"@type":"ListItem","position":2,"name":"Cristina Tovar"}]},{"@type":"WebSite","@id":"https:\/\/lacasadelflamencosevilla.com\/en\/#website","url":"https:\/\/lacasadelflamencosevilla.com\/en\/","name":"La Casa del Flamenco","description":"","publisher":{"@id":"https:\/\/lacasadelflamencosevilla.com\/en\/#organization"},"potentialAction":[{"@type":"SearchAction","target":{"@type":"EntryPoint","urlTemplate":"https:\/\/lacasadelflamencosevilla.com\/en\/?s={search_term_string}"},"query-input":{"@type":"PropertyValueSpecification","valueRequired":true,"valueName":"search_term_string"}}],"inLanguage":"en-US"},{"@type":"Organization","@id":"https:\/\/lacasadelflamencosevilla.com\/en\/#organization","name":"La Casa del Flamenco | Sevilla","alternateName":"La Casa del Flamenco","url":"https:\/\/lacasadelflamencosevilla.com\/en\/","logo":{"@type":"ImageObject","inLanguage":"en-US","@id":"https:\/\/lacasadelflamencosevilla.com\/en\/#\/schema\/logo\/image\/","url":"https:\/\/lacasadelflamencosevilla.com\/wp-content\/uploads\/2020\/04\/logo-la-casa-del-flamenco.png","contentUrl":"https:\/\/lacasadelflamencosevilla.com\/wp-content\/uploads\/2020\/04\/logo-la-casa-del-flamenco.png","width":134,"height":188,"caption":"La Casa del Flamenco | Sevilla"},"image":{"@id":"https:\/\/lacasadelflamencosevilla.com\/en\/#\/schema\/logo\/image\/"},"sameAs":["https:\/\/www.facebook.com\/LaCasaDelFlamenco","https:\/\/x.com\/CasadelFlamenco","https:\/\/www.instagram.com\/lacasadelflamenco"]}]}</script>
<!-- / Yoast SEO plugin. -->

Born in Seville, she began her studies there in the professional Conservatory of Dance. Her training led her in 2006 to appear in María Pagés&#8217; show &#8220;Sevilla&#8221; in the Maestranza Theatre of Seville. In 2008 she decided to train in flamenco singing in the Cristina Heeren Foundation, taking classes with outstanding singers, such as José ... Read more
